{"id":7475,"date":"2023-08-12T21:17:22","date_gmt":"2023-08-12T21:17:22","guid":{"rendered":"https:\/\/jobbkontakt.se\/?page_id=7475"},"modified":"2025-10-09T20:58:28","modified_gmt":"2025-10-09T20:58:28","slug":"m","status":"publish","type":"page","link":"https:\/\/jobbkontakt.se\/?page_id=7475","title":{"rendered":"Drakn\u00e4stet"},"content":{"rendered":"\t\t<div data-elementor-type=\"wp-page\" data-elementor-id=\"7475\" class=\"elementor elementor-7475\">\n\t\t\t\t\t\t\t\t\t<section class=\"elementor-section elementor-top-section elementor-element elementor-element-18606a8d elementor-section-boxed elementor-section-height-default elementor-section-height-default\" data-id=\"18606a8d\" data-element_type=\"section\">\n\t\t\t\t\t\t<div class=\"elementor-container elementor-column-gap-default\">\n\t\t\t\t\t<div class=\"elementor-column elementor-col-100 elementor-top-column elementor-element elementor-element-176907f\" data-id=\"176907f\" data-element_type=\"column\">\n\t\t\t<div class=\"elementor-widget-wrap\">\n\t\t\t\t\t\t\t\t\t<\/div>\n\t\t<\/div>\n\t\t\t\t\t\t\t<\/div>\n\t\t<\/section>\n\t\t\t\t<section class=\"elementor-section elementor-top-section elementor-element elementor-element-b99707d elementor-section-boxed elementor-section-height-default elementor-section-height-default\" data-id=\"b99707d\" data-element_type=\"section\">\n\t\t\t\t\t\t<div class=\"elementor-container elementor-column-gap-default\">\n\t\t\t\t\t<div class=\"elementor-column elementor-col-100 elementor-top-column elementor-element elementor-element-642911e\" data-id=\"642911e\" data-element_type=\"column\">\n\t\t\t<div class=\"elementor-widget-wrap elementor-element-populated\">\n\t\t\t\t\t\t\t\t<div class=\"elementor-element elementor-element-4cdc1bf elementor-widget elementor-widget-image\" data-id=\"4cdc1bf\" data-element_type=\"widget\" data-widget_type=\"image.default\">\n\t\t\t\t<div class=\"elementor-widget-container\">\n\t\t\t<style>\/*! elementor - v3.18.0 - 20-12-2023 *\/\n.elementor-widget-image{text-align:center}.elementor-widget-image a{display:inline-block}.elementor-widget-image a img[src$=\".svg\"]{width:48px}.elementor-widget-image img{vertical-align:middle;display:inline-block}<\/style>\t\t\t\t\t\t\t\t\t\t\t\t<img fetchpriority=\"high\" decoding=\"async\" width=\"1110\" height=\"550\" src=\"https:\/\/jobbkontakt.se\/wp-content\/uploads\/2025\/09\/ChatGPT-Image-Sep-4-2025-05_34_37-PM-1110x550.png\" class=\"attachment-consulting-image-1110x550-croped size-consulting-image-1110x550-croped wp-image-8599\" alt=\"\" \/>\t\t\t\t\t\t\t\t\t\t\t\t\t\t\t<\/div>\n\t\t\t\t<\/div>\n\t\t\t\t\t<\/div>\n\t\t<\/div>\n\t\t\t\t\t\t\t<\/div>\n\t\t<\/section>\n\t\t\t\t<section class=\"elementor-section elementor-top-section elementor-element elementor-element-5a86d58 elementor-section-boxed elementor-section-height-default elementor-section-height-default\" data-id=\"5a86d58\" data-element_type=\"section\">\n\t\t\t\t\t\t<div class=\"elementor-container elementor-column-gap-default\">\n\t\t\t\t\t<div class=\"elementor-column elementor-col-50 elementor-top-column elementor-element elementor-element-274f5e6\" data-id=\"274f5e6\" data-element_type=\"column\">\n\t\t\t<div class=\"elementor-widget-wrap elementor-element-populated\">\n\t\t\t\t\t\t\t\t<div class=\"elementor-element elementor-element-ff4a127 elementor-widget__width-initial elementor-widget elementor-widget-text-editor\" data-id=\"ff4a127\" data-element_type=\"widget\" data-widget_type=\"text-editor.default\">\n\t\t\t\t<div class=\"elementor-widget-container\">\n\t\t\t<style>\/*! elementor - v3.18.0 - 20-12-2023 *\/\n.elementor-widget-text-editor.elementor-drop-cap-view-stacked .elementor-drop-cap{background-color:#69727d;color:#fff}.elementor-widget-text-editor.elementor-drop-cap-view-framed .elementor-drop-cap{color:#69727d;border:3px solid;background-color:transparent}.elementor-widget-text-editor:not(.elementor-drop-cap-view-default) .elementor-drop-cap{margin-top:8px}.elementor-widget-text-editor:not(.elementor-drop-cap-view-default) .elementor-drop-cap-letter{width:1em;height:1em}.elementor-widget-text-editor .elementor-drop-cap{float:left;text-align:center;line-height:1;font-size:50px}.elementor-widget-text-editor .elementor-drop-cap-letter{display:inline-block}<\/style>\t\t\t\t<h4><span style=\"color: #0000ff;\"><b data-olk-copy-source=\"MessageBody\">Fr\u00e5n id\u00e9 till verklighet \u2013 <\/b><b data-olk-copy-source=\"MessageBody\">m\u00f6tesplatsen f\u00f6r entrepren\u00f6rer och investerare<\/b><\/span><\/h4>\n<div>\n<div data-olk-copy-source=\"MailCompose\"><span style=\"color: #000000;\">Har du en aff\u00e4rsid\u00e9, produkt eller aff\u00e4rsplan som du vill utveckla eller lansera och s\u00f6ker investerare? Eller s\u00f6ker du som investerare efter n\u00e4sta stora m\u00f6jlighet? Vi arrangerar unika digitala tr\u00e4ffar d\u00e4r entrepren\u00f6rer, innovat\u00f6rer och f\u00f6retag f\u00e5r m\u00f6jlighet att presentera sina aff\u00e4rsid\u00e9er inf\u00f6r en panel av investerare, aff\u00e4rs\u00e4nglar och representanter fr\u00e5n investmentbolag.<\/span><\/div>\n<h5><span style=\"color: #000000;\">\u00a0 Entrepren\u00f6r<\/span><\/h5>\n<div><span style=\"color: #000000;\">&#8211; Pitcha din aff\u00e4rsid\u00e9 \/ produkt inf\u00f6r erfarna investerare.<\/span><\/div>\n<div><span style=\"color: #000000;\">&#8211; Ta del av v\u00e4rdefull feedback som kan lyfta ditt projekt till n\u00e4sta niv\u00e5.<\/span><\/div>\n<div><span style=\"color: #000000;\">&#8211; Skapa kontakter som kan leda till finansiering, partnerskap och mentorskap.<\/span><\/div>\n<h5><span style=\"color: #000000;\">Investerare<\/span><\/h5>\n<div><span style=\"color: #000000;\">&#8211; Uppt\u00e4ck sp\u00e4nnande startups och innovativa projekt fr\u00e5n olika branscher.<\/span><\/div>\n<div><span style=\"color: #000000;\">&#8211; M\u00f6t entrepren\u00f6rer med driv, energi och ambition att v\u00e4xa.<\/span><\/div>\n<div><span style=\"color: #000000;\">&#8211; N\u00e4tverka med andra investerare och bredda ditt aff\u00e4rsn\u00e4tverk.<\/span><\/div>\n<div>\u00a0<\/div>\n<div><span style=\"color: #000000;\">\u00c4r du intresserad av att delta i v\u00e5rt <strong>Drakn\u00e4stet<\/strong> \u2013 som entrepren\u00f6r eller investerare?<\/span><\/div>\n<div><span style=\"color: #000000;\">Kontakta oss p\u00e5 info@jobbkontakt.se f\u00f6r mer information och anm\u00e4lan!<\/span><\/div>\n<\/div>\n<div>\u00a0<\/div>\n\t\t\t\t\t\t<\/div>\n\t\t\t\t<\/div>\n\t\t\t\t\t<\/div>\n\t\t<\/div>\n\t\t\t\t<div class=\"elementor-column elementor-col-50 elementor-top-column elementor-element elementor-element-da5e1c1\" data-id=\"da5e1c1\" data-element_type=\"column\">\n\t\t\t<div class=\"elementor-widget-wrap elementor-element-populated\">\n\t\t\t\t\t\t\t\t<div class=\"elementor-element elementor-element-b3948bd elementor-widget elementor-widget-image\" data-id=\"b3948bd\" data-element_type=\"widget\" data-widget_type=\"image.default\">\n\t\t\t\t<div class=\"elementor-widget-container\">\n\t\t\t\t\t\t\t\t\t\t\t\t\t\t\t<img decoding=\"async\" width=\"683\" height=\"1024\" src=\"https:\/\/jobbkontakt.se\/wp-content\/uploads\/2025\/09\/ChatGPT-Image-Sep-4-2025-05_20_17-PM-683x1024.png\" class=\"attachment-large size-large wp-image-8597\" alt=\"\" srcset=\"https:\/\/jobbkontakt.se\/wp-content\/uploads\/2025\/09\/ChatGPT-Image-Sep-4-2025-05_20_17-PM-683x1024.png 683w, https:\/\/jobbkontakt.se\/wp-content\/uploads\/2025\/09\/ChatGPT-Image-Sep-4-2025-05_20_17-PM-200x300.png 200w, https:\/\/jobbkontakt.se\/wp-content\/uploads\/2025\/09\/ChatGPT-Image-Sep-4-2025-05_20_17-PM-768x1152.png 768w, https:\/\/jobbkontakt.se\/wp-content\/uploads\/2025\/09\/ChatGPT-Image-Sep-4-2025-05_20_17-PM-900x1350.png 900w, https:\/\/jobbkontakt.se\/wp-content\/uploads\/2025\/09\/ChatGPT-Image-Sep-4-2025-05_20_17-PM.png 1024w\" sizes=\"(max-width: 683px) 100vw, 683px\" \/>\t\t\t\t\t\t\t\t\t\t\t\t\t\t\t<\/div>\n\t\t\t\t<\/div>\n\t\t\t\t\t<\/div>\n\t\t<\/div>\n\t\t\t\t\t\t\t<\/div>\n\t\t<\/section>\n\t\t\t\t\t\t\t<\/div>\n\t\t","protected":false},"excerpt":{"rendered":"<p>Fr\u00e5n id\u00e9 till verklighet \u2013 m\u00f6tesplatsen f\u00f6r entrepren\u00f6rer och investerare Har du en aff\u00e4rsid\u00e9, produkt eller aff\u00e4rsplan som du vill utveckla eller lansera och s\u00f6ker investerare? Eller s\u00f6ker du som investerare efter n\u00e4sta stora m\u00f6jlighet? Vi arrangerar unika digitala tr\u00e4ffar d\u00e4r entrepren\u00f6rer, innovat\u00f6rer och f\u00f6retag f\u00e5r m\u00f6jlighet att presentera sina aff\u00e4rsid\u00e9er inf\u00f6r en panel av<\/p>\n","protected":false},"author":1,"featured_media":0,"parent":0,"menu_order":0,"comment_status":"closed","ping_status":"closed","template":"","meta":{"footnotes":""},"_links":{"self":[{"href":"https:\/\/jobbkontakt.se\/index.php?rest_route=\/wp\/v2\/pages\/7475"}],"collection":[{"href":"https:\/\/jobbkontakt.se\/index.php?rest_route=\/wp\/v2\/pages"}],"about":[{"href":"https:\/\/jobbkontakt.se\/index.php?rest_route=\/wp\/v2\/types\/page"}],"author":[{"embeddable":true,"href":"https:\/\/jobbkontakt.se\/index.php?rest_route=\/wp\/v2\/users\/1"}],"replies":[{"embeddable":true,"href":"https:\/\/jobbkontakt.se\/index.php?rest_route=%2Fwp%2Fv2%2Fcomments&post=7475"}],"version-history":[{"count":38,"href":"https:\/\/jobbkontakt.se\/index.php?rest_route=\/wp\/v2\/pages\/7475\/revisions"}],"predecessor-version":[{"id":9404,"href":"https:\/\/jobbkontakt.se\/index.php?rest_route=\/wp\/v2\/pages\/7475\/revisions\/9404"}],"wp:attachment":[{"href":"https:\/\/jobbkontakt.se\/index.php?rest_route=%2Fwp%2Fv2%2Fmedia&parent=7475"}],"curies":[{"name":"wp","href":"https:\/\/api.w.org\/{rel}","templated":true}]}}